common factor of h and 1.
1
Suppose -7*d - 47198 = -4*m - 10*d, 23596 = 2*m + 2*d. What is the greatest common divisor of m and 104?
52
Suppose -16828*k - 4800 = -16848*k. Suppose z = -w + 111 + 37, 5*w - z - 716 = 0. What is the greatest common factor of k and w?
48
Let c(o) = -o**2 - 18*o + 652. Let v be c(18). Calculate the greatest common divisor of v and 3508.
4
Suppose -2*u - 533 + 581 = 3*q, -4*q + 50 = 5*u. What is the greatest common divisor of q and 410?
10
Suppose -23*g = -18*g - 70. Suppose g*p = 5*p + 108. What is the greatest common divisor of p and 96?
12
Let a be ((-20650)/(-20) - -2) + 8/(-16). What is the highest common factor of 188 and a?
94
Suppose 4*k - 5*a - 539 = 0, k - 4*a - 149 = 5. What is the greatest common factor of k and 77?
7
Let z(r) = -133*r + 8966. Let h be z(67). Calculate the greatest common factor of 290 and h.
5
Let q(p) = -8*p**2 - 94*p - 14. Let j be q(-11). Let m be (91/j)/((-9)/(-8) + -1). Calculate the greatest common divisor of 119 and m.
7
Let z(a) = -36*a - 151. Let x be z(-30). Suppose 1311 = 7*h - x. Calculate the highest common divisor of 10 and h.
10
Let m be -5 + (-11 - -6 - -13). Suppose 0 = -m*y + 1034 + 586. Calculate the greatest common divisor of 60 and y.
60
Let m = -37366 - -37852. Calculate the greatest common divisor of m and 1350.
54
Suppose -h - 12*h = -20 - 71. Calculate the greatest common divisor of h and 14.
7
Let m be (0 - 2)/((-15)/(-30)). Let b(v) = -2*v**3 + 3*v**2 + 4*v. Let g be b(m). What is the highest common divisor of g and 40?
40
Let c be ((-93)/(-4))/((-9)/(-540)). What is the highest common factor of 310 and c?
155
Let l be -3 - -2 - (-7 + -28 + 30). Calculate the greatest common divisor of l and 94.
2
Let x = -14 + 86. Let n = -173 - -188. Let p be (8/(-5))/(-4 - (-57)/n). What is the greatest common factor of x and p?
8
Let i be (-3 + (-4)/(-24)*146)*72/16. What is the highest common divisor of i and 2172?
12
Let p(x) = 4*x**2 - 22*x + 9. Suppose 0 = -3*g - 4*n + 23, -10*g - 2*n = -6*g - 34. Let m be p(g). What is the highest common factor of 90 and m?
45
Let f be (-55464)/(-32) + (-3)/12. Suppose -20*p + f + 3107 = 0. Calculate the highest common divisor of p and 11.
11
Let z = 244 - 235. Let r be -10*z/(-18) - (-830 - 1). What is the greatest common divisor of r and 44?
44
Let u be 34/(-2)*(3 - 14). Let x(g) = -g + 24. Let i be x(17). Let v be -2*(((-63)/(-6))/i + -10). What is the highest common divisor of v and u?
17
Suppose 80 = -29*k + 37*k. Suppose 18 = 8*z + z. Suppose q = 2*n + 13, 6*n - 64 = -4*q + z*n. Calculate the highest common factor of q and k.
5
Let w = 7938 + 1587. Calculate the greatest common divisor of 225 and w.
75
Let j(r) = r**2 + 8*r + 3. Let f be j(-8). Suppose 80*g - 99 = 461. What is the highest common factor of f and g?
1
Let s = -3776 - -1812. Let h = -1318 - s. Calculate the highest common factor of h and 76.
38
Suppose 24*g - 833 = 631. What is the highest common divisor of 10919 and g?
61
Suppose 0 = 5*c + 5*k - 3320, c - 472*k = -471*k + 668. What is the highest common factor of 1554 and c?
222
Let d(x) = 11*x**2 + 21*x - 50. Let u be d(8). Let z = 1067 - u. What is the highest common divisor of z and 105?
35
Suppose 4*i + d - 99 = 0, 0*i - 73 = -3*i - d. Let p = i + -23. Suppose p*a = -0*a + s + 28, 15 = 2*a + 3*s. What is the highest common divisor of a and 72?
9
Let g(b) = 8*b**2 + 5*b - 512. Let m be g(12). Calculate the greatest common factor of m and 49.
7
Let j be 0/(7 - (18 - 5)). Suppose j = 14*v - 11430 + 2386. Calculate the highest common factor of 38 and v.
38
Suppose -3*n - 4*j = -7236, -4*n + 5*j + 9649 = 10*j. Calculate the greatest common factor of 8 and n.
8
Suppose 2*u = 10 + 54. Suppose -u*c + 31*c = -6. Calculate the greatest common divisor of 6 and c.
6
Let u = 64020 + -64000. Suppose -t + 412 = 5*r + 3*t, -3*t + 249 = 3*r. Calculate the greatest common factor of u and r.
20
Suppose -147*y + 5569 + 9732 = 2365. Calculate the highest common divisor of y and 682.
22
Suppose 0 = -g - c + 21, 2*c = -5*g + 10*g - 84. Suppose -g = p - o - 42, 3*p + 4*o - 72 = 0. What is the highest common divisor of 15 and p?
3
Suppose f + 5*n + 135 = 3*f, -352 = -5*f - 2*n. Let l be (3/2)/(3/4) - 367. Let x = 375 + l. Calculate the highest common factor of x and f.
10
Let q(p) = -3*p**3 - 9*p**2 + 19*p + 37. Let z be q(-4). What is the highest common divisor of z and 5310?
9
Let z = 164 - -215. Let v = 399 - z. What is the greatest common divisor of 90 and v?
10
Let n = -6795 + 6977. Calculate the greatest common factor of n and 1066.
26
Suppose n - 3*f - 23 = 0, -3*n + 47 = -0*n + 2*f. Suppose -17*v + 60*v = 730 + 732. What is the highest common divisor of v and n?
17
Let n(s) = 5*s + 80. Let b be n(-23). Let q be b/(-6) - (-5)/30. Suppose -2*p + 2*m + 2 = -p, p - m = 3. What is the greatest common factor of p and q?
2
Suppose 6310*k - 6323*k + 1560 = 0. Calculate the greatest common divisor of k and 984.
24
Let o(k) = k + 34. Let t be o(1). Suppose 4*p + 14 = 3*s + 89, 4*s + t = p. Calculate the greatest common divisor of 405 and p.
15
Suppose -303*q + 10*q - 24587 + 91391 = 0. What is the highest common factor of q and 35340?
228
Suppose -19*g - 118 = -4*j - 14*g, j - 52 = 5*g. What is the greatest common divisor of 484 and j?
22
Let h = -3990 + 10393. Calculate the highest common factor of 19 and h.
19
Suppose 0 = -21*g + 28*g - 700. Suppose 7*s = -13*s + g. Calculate the greatest common factor of s and 25.
5
Let a = -2644 + 2797. Calculate the greatest common divisor of 369 and a.
9
Let w be (-3)/24 - (-4)/(64/5490). Calculate the greatest common factor of w and 161.
7
Suppose 0 = s, -5*r - 5*s + 942 = -33. Let u = -103 + 110. Let j be 39/(u + 2 + -8). Calculate the highest common divisor of r and j.
39
Suppose -38*d - d = -1053. What is the highest common divisor of d and 1989?
9
Let c(x) = x**3 - 16*x**2 - 110*x + 5. Let v be c(-5). What is the highest common factor of 330 and v?
30
Let r be 30 + -1 - (-4 + 5). Let t = 59 + 25. Suppose -11*b - t = -15*b. What is the greatest common factor of r and b?
7
Suppose -222 = -12*t + 1452 - 18. Calculate the highest common factor of 8 and t.
2
Suppose -h + 5*h - j - 124 = 0, 2*j + 68 = 2*h. Suppose -162*u = -160*u - h. What is the greatest common factor of 60 and u?
15
Suppose -4*d - 182 = -o, 0 = -5*o - 4*d + 388 + 498. What is the greatest common divisor of 6 and o?
2
Suppose -19*x + 10304 = 24*x - 29*x. What is the highest common divisor of 64 and x?
32
Suppose -2173 = 47*g + 47*g - 25861. Calculate the greatest common factor of 696 and g.
12
Let d be (364/70)/((-8)/(-60)). Let t = 65 - 52. Calculate the highest common divisor of t and d.
13
Suppose 18 = -6*k + 54. Let v be (45/k)/((-3)/4). Let u be 2/v - 318/(-15). Calculate the highest common factor of u and 14.
7
Let d(o) = -o**2 - 8*o - 12. Let w be d(-5). Let i be (-1 + 2 + -2)/(w/141). Let k be (7/(-2) + 3)*(1 + i). Calculate the highest common factor of k and 115.
23
Let x = 48 + -33. Suppose 4*k = x + 9. Suppose -2*w = -k*w + 72. What is the greatest common divisor of 72 and w?
18
Let y = -20 + 884. Let b = -719 + y. Calculate the greatest common divisor of 319 and b.
29
Suppose 1178 - 2090 = -8*o. What is the greatest common factor of o and 95?
19
Let f be -3 + -1 - (-18 - 65). Suppose 6*c - 47 = f. Suppose -r - 2*b = -10, 0 = 4*r + b - c + 2. What is the greatest common divisor of r and 4?
4
Let o(k) = 2*k**2 + k - 1. Let i(n) = -2*n**2 - n - 3. Let q be i(2). Let h be o(q). Let t = 235 + -199. What is the greatest common factor of h and t?
36
Suppose 0*x + 2*x - 42 = 5*p, -3*x + 70 = -4*p. Suppose -443 = -6*o + 157. Let c = x + o. Calculate the highest common divisor of c and 14.
14
Let y = 45264 - 45209. What is the greatest common divisor of y and 45?
5
Let i = 18643 - 18184. Calculate the greatest common divisor of i and 351.
27
Let d(b) = b**2 + 4*b + 1. Let y(u) = -u**2 - 11*u + 11. Let o be y(-8). Suppose -n + 8*n = -o. Let q be d(n). What is the highest common divisor of 6 and q?
6
Let v = 815 + -715. Suppose 0 = -y - 4*y + 20. Calculate the greatest common divisor of y and v.
4
Let c be 17/6 - (-7)/42. Suppose -z + 27 = -c*g + 433, 4*g = 5*z + 545. Calculate the highest common divisor of g and 30.
15
Let q